{"id":442,"date":"2019-08-08T03:02:22","date_gmt":"2019-08-08T01:02:22","guid":{"rendered":"http:\/\/localhost\/industris\/?page_id=442"},"modified":"2022-11-23T15:40:25","modified_gmt":"2022-11-23T14:40:25","slug":"presentation-de-la-societe","status":"publish","type":"page","link":"https:\/\/veraluci.ci\/v2\/presentation-de-la-societe\/","title":{"rendered":"Pr\u00e9sentation de la soci\u00e9t\u00e9"},"content":{"rendered":"\t\t<div data-elementor-type=\"wp-post\" data-elementor-id=\"442\" class=\"elementor elementor-442\">\n\t\t\t\t\t\t\t\t\t<section class=\"elementor-section elementor-top-section elementor-element elementor-element-4eb1d62 elementor-section-boxed elementor-section-height-default elementor-section-height-default\" data-id=\"4eb1d62\" data-element_type=\"section\">\n\t\t\t\t\t\t<div class=\"elementor-container elementor-column-gap-extended\">\n\t\t\t\t\t<div class=\"elementor-column elementor-col-33 elementor-top-column elementor-element elementor-element-c7cf5c7 top column-style-top\" data-id=\"c7cf5c7\" data-element_type=\"column\">\n\t\t\t<div class=\"elementor-widget-wrap elementor-element-populated\">\n\t\t\t\t\t\t\t\t<div class=\"elementor-element elementor-element-4ea1332 elementor-widget elementor-widget-text-editor\" data-id=\"4ea1332\" data-element_type=\"widget\" data-widget_type=\"text-editor.default\">\n\t\t\t\t<div class=\"elementor-widget-container\">\n\t\t\t<style>\/*! elementor - v3.9.0 - 06-12-2022 *\/\n.elementor-widget-text-editor.elementor-drop-cap-view-stacked .elementor-drop-cap{background-color:#818a91;color:#fff}.elementor-widget-text-editor.elementor-drop-cap-view-framed .elementor-drop-cap{color:#818a91;border:3px solid;background-color:transparent}.elementor-widget-text-editor:not(.elementor-drop-cap-view-default) .elementor-drop-cap{margin-top:8px}.elementor-widget-text-editor:not(.elementor-drop-cap-view-default) .elementor-drop-cap-letter{width:1em;height:1em}.elementor-widget-text-editor .elementor-drop-cap{float:left;text-align:center;line-height:1;font-size:50px}.elementor-widget-text-editor .elementor-drop-cap-letter{display:inline-block}<\/style>\t\t\t\t<p><b>VERALUCI <\/b>est une entreprise situ\u00e9e en C\u00f4te d\u2019Ivoire depuis plusieurs ann\u00e9es, elle propose des produits de hautes technicit\u00e9s pour cr\u00e9er de la valeur \u00e0 partir de l\u2019aluminium.<br>Pr\u00e9curseur dans le domaine de l\u2019aluminium, <b>VERALUCI <\/b>a su rapidement se d\u00e9marquer de la concurrence en se basant sur certains fondements importants :<\/p>\t\t\t\t\t\t<\/div>\n\t\t\t\t<\/div>\n\t\t\t\t<div class=\"elementor-element elementor-element-89d69cd icon-color-theme elementor-icon-list--layout-traditional elementor-list-item-link-full_width elementor-widget elementor-widget-icon-list\" data-id=\"89d69cd\" data-element_type=\"widget\" data-widget_type=\"icon-list.default\">\n\t\t\t\t<div class=\"elementor-widget-container\">\n\t\t\t<link rel=\"stylesheet\" href=\"https:\/\/veraluci.ci\/v2\/wp-content\/plugins\/elementor\/assets\/css\/widget-icon-list.min.css\">\t\t<ul class=\"elementor-icon-list-items\">\n\t\t\t\t\t\t\t<li class=\"elementor-icon-list-item\">\n\t\t\t\t\t\t\t\t\t\t\t<span class=\"elementor-icon-list-icon\">\n\t\t\t\t\t\t\t<i aria-hidden=\"true\" class=\"fas fa-check-circle\"><\/i>\t\t\t\t\t\t<\/span>\n\t\t\t\t\t\t\t\t\t\t<span class=\"elementor-icon-list-text\">Qualit\u00e9 et innovation en associant s\u00e9curit\u00e9, confort, lumi\u00e8re et esth\u00e9tique ;<\/span>\n\t\t\t\t\t\t\t\t\t<\/li>\n\t\t\t\t\t\t\t\t<li class=\"elementor-icon-list-item\">\n\t\t\t\t\t\t\t\t\t\t\t<span class=\"elementor-icon-list-icon\">\n\t\t\t\t\t\t\t<i aria-hidden=\"true\" class=\"fas fa-check-circle\"><\/i>\t\t\t\t\t\t<\/span>\n\t\t\t\t\t\t\t\t\t\t<span class=\"elementor-icon-list-text\">\u00c9coute, conseil et disponibilit\u00e9 au service de sa client\u00e8le ;<\/span>\n\t\t\t\t\t\t\t\t\t<\/li>\n\t\t\t\t\t\t\t\t<li class=\"elementor-icon-list-item\">\n\t\t\t\t\t\t\t\t\t\t\t<span class=\"elementor-icon-list-icon\">\n\t\t\t\t\t\t\t<i aria-hidden=\"true\" class=\"fas fa-check-circle\"><\/i>\t\t\t\t\t\t<\/span>\n\t\t\t\t\t\t\t\t\t\t<span class=\"elementor-icon-list-text\">Savoir-faire de son personnel qualifi\u00e9 ;<\/span>\n\t\t\t\t\t\t\t\t\t<\/li>\n\t\t\t\t\t\t\t\t<li class=\"elementor-icon-list-item\">\n\t\t\t\t\t\t\t\t\t\t\t<span class=\"elementor-icon-list-icon\">\n\t\t\t\t\t\t\t<i aria-hidden=\"true\" class=\"fas fa-check-circle\"><\/i>\t\t\t\t\t\t<\/span>\n\t\t\t\t\t\t\t\t\t\t<span class=\"elementor-icon-list-text\">Simplicit\u00e9 et comp\u00e9titivit\u00e9 toujours soucieux de satisfaire tout un chacun.<\/span>\n\t\t\t\t\t\t\t\t\t<\/li>\n\t\t\t\t\t\t<\/ul>\n\t\t\t\t<\/div>\n\t\t\t\t<\/div>\n\t\t\t\t\t<\/div>\n\t\t<\/div>\n\t\t\t\t<div class=\"elementor-column elementor-col-33 elementor-top-column elementor-element elementor-element-ad448db elementor-hidden-tablet elementor-hidden-phone top column-style-top\" data-id=\"ad448db\" data-element_type=\"column\">\n\t\t\t<div class=\"elementor-widget-wrap\">\n\t\t\t\t\t\t\t\t\t<\/div>\n\t\t<\/div>\n\t\t\t\t<div class=\"elementor-column elementor-col-33 elementor-top-column elementor-element elementor-element-2223052 top column-style-top\" data-id=\"2223052\" data-element_type=\"column\">\n\t\t\t<div class=\"elementor-widget-wrap elementor-element-populated\">\n\t\t\t\t\t\t\t\t<div class=\"elementor-element elementor-element-c044a71 elementor-widget elementor-widget-image\" data-id=\"c044a71\" data-element_type=\"widget\" data-widget_type=\"image.default\">\n\t\t\t\t<div class=\"elementor-widget-container\">\n\t\t\t<style>\/*! elementor - v3.9.0 - 06-12-2022 *\/\n.elementor-widget-image{text-align:center}.elementor-widget-image a{display:inline-block}.elementor-widget-image a img[src$=\".svg\"]{width:48px}.elementor-widget-image img{vertical-align:middle;display:inline-block}<\/style>\t\t\t\t\t\t\t\t\t\t\t\t\t<a href=\"https:\/\/veraluci.ci\/v2\/wp-content\/uploads\/2022\/11\/PressBook-compressed2.jpg\" data-elementor-open-lightbox=\"yes\" data-elementor-lightbox-title=\"PressBook-compressed2\" e-action-hash=\"#elementor-action%3Aaction%3Dlightbox%26settings%3DeyJpZCI6MTM4MjgsInVybCI6Imh0dHBzOlwvXC92ZXJhbHVjaS5jaVwvdjJcL3dwLWNvbnRlbnRcL3VwbG9hZHNcLzIwMjJcLzExXC9QcmVzc0Jvb2stY29tcHJlc3NlZDIuanBnIn0%3D\">\n\t\t\t\t\t\t\t<img decoding=\"async\" width=\"1057\" height=\"1182\" src=\"https:\/\/veraluci.ci\/v2\/wp-content\/uploads\/2022\/11\/PressBook-compressed2.jpg\" class=\"attachment-full size-full wp-image-13828\" alt=\"\" loading=\"lazy\" srcset=\"https:\/\/veraluci.ci\/v2\/wp-content\/uploads\/2022\/11\/PressBook-compressed2.jpg 1057w, https:\/\/veraluci.ci\/v2\/wp-content\/uploads\/2022\/11\/PressBook-compressed2-916x1024.jpg 916w, https:\/\/veraluci.ci\/v2\/wp-content\/uploads\/2022\/11\/PressBook-compressed2-768x859.jpg 768w, https:\/\/veraluci.ci\/v2\/wp-content\/uploads\/2022\/11\/PressBook-compressed2-600x671.jpg 600w\" sizes=\"(max-width: 1057px) 100vw, 1057px\" \/>\t\t\t\t\t\t\t\t<\/a>\n\t\t\t\t\t\t\t\t\t\t\t\t\t\t\t<\/div>\n\t\t\t\t<\/div>\n\t\t\t\t\t<\/div>\n\t\t<\/div>\n\t\t\t\t\t\t\t<\/div>\n\t\t<\/section>\n\t\t\t\t\t\t\t<\/div>\n\t\t","protected":false},"excerpt":{"rendered":"<p>VERALUCI est une entreprise situ\u00e9e en C\u00f4te d\u2019Ivoire depuis plusieurs ann\u00e9es, elle propose des produits de hautes technicit\u00e9s pour cr\u00e9er de la valeur \u00e0 partir de l\u2019aluminium.Pr\u00e9curseur dans le domaine [&hellip;]<\/p>\n","protected":false},"author":1,"featured_media":0,"parent":0,"menu_order":0,"comment_status":"closed","ping_status":"closed","template":"","meta":[],"_links":{"self":[{"href":"https:\/\/veraluci.ci\/v2\/wp-json\/wp\/v2\/pages\/442"}],"collection":[{"href":"https:\/\/veraluci.ci\/v2\/wp-json\/wp\/v2\/pages"}],"about":[{"href":"https:\/\/veraluci.ci\/v2\/wp-json\/wp\/v2\/types\/page"}],"author":[{"embeddable":true,"href":"https:\/\/veraluci.ci\/v2\/wp-json\/wp\/v2\/users\/1"}],"replies":[{"embeddable":true,"href":"https:\/\/veraluci.ci\/v2\/wp-json\/wp\/v2\/comments?post=442"}],"version-history":[{"count":44,"href":"https:\/\/veraluci.ci\/v2\/wp-json\/wp\/v2\/pages\/442\/revisions"}],"predecessor-version":[{"id":13864,"href":"https:\/\/veraluci.ci\/v2\/wp-json\/wp\/v2\/pages\/442\/revisions\/13864"}],"wp:attachment":[{"href":"https:\/\/veraluci.ci\/v2\/wp-json\/wp\/v2\/media?parent=442"}],"curies":[{"name":"wp","href":"https:\/\/api.w.org\/{rel}","templated":true}]}}